Let q be 6834/15 + (-4)/(-10). Let i be q/45 + (-2)/15. Let w = i + 4. List the prime factors of w.
2, 7
Let w(d) = d**2 - 41*d - 65. What are the prime factors of w(69)?
1867
Let s(p) = p**2 - 2. Let g be 7/(7/2)*1. Let k be s(g). Suppose 4*l - k*l = 14. List the prime factors of l.
7
Suppose 19*o - 45 = 14*o. Suppose -10*v = -o*v - 1. Let q = v - -8. List the prime factors of q.
3
Let f(p) = -14*p + 8*p - 16*p - 3*p. Let r be f(1). List the prime factors of r*(2/(-1))/2.
5
Let u(o) = 414*o - 699. List the prime factors of u(9).
3, 1009
Suppose 4*b - 4 - 16 = 0. Suppose 215 = b*v - 5*s, 3*v + 2*s - 126 = 4*s. List the prime factors of v.
2, 5
Let w be 87/9*(-1 + 4). Let b = 81 - 92. Let g = b + w. List the prime factors of g.
2, 3
Let w(b) = 68*b - 43. List the prime factors of w(8).
3, 167
Let k(h) = -h**3 - 8*h**2 + 8*h. Let b(z) = -3*z**3 - z**2 + z - 1. Let p be b(-2). Let o = p + -26. List the prime factors of k(o).
3
Suppose k = 12 - 7. Suppose -k*d + 52 = -4*j, 4*j + 2 = 4*d - 42. List the prime factors of d.
2
Let u(b) = 13*b**2 - 4*b + 7. Let j be u(7). Suppose -4*w = -11*w + j. What are the prime factors of w?
2, 11
List the prime factors of (-1)/((-2)/3 - 3644/(-5484)).
457
Let v be 4/(-6) - 568/(-24). Let q = v + 8. Let b = q + 6. List the prime factors of b.
37
Let s(n) = 12*n**2 + 11*n - 28. List the prime factors of s(8).
2, 3, 23
Let c(l) = 7*l**2 - 13*l + 9. Let o(w) = -15*w**2 + 24*w - 17. Let x(a) = 7*c(a) + 3*o(a). What are the prime factors of x(10)?
2, 3, 37
Let z(i) = -i**2 - 6*i + 3. Let q be z(-6). Let r = q + 22. List the prime factors of r.
5
Let s(n) = -3*n - 2. Let z be s(0). What are the prime factors of (-99)/(-18) - z/(-4)?
5
Suppose 0 = 3*m - 161 + 35. Let b = 11 - m. Let k = b - -53. What are the prime factors of k?
2, 11
Let b = 10 - 5. Suppose -5*d = -t - 26, -b*d = -4*t - 3*d - 32. What are the prime factors of ((-9)/t)/((-2)/(-20))?
3, 5
Suppose 0 + 40 = -4*r. Let i be r/3*63/(-35). List the prime factors of ((-11)/(-4))/(i/24).
11
Let n = -18 + 18. Let b(i) = -4 - 5*i - 5 + n*i + 3*i. What are the prime factors of b(-12)?
3, 5
Suppose 1277 = 5*l + 3*h, -4*h + 4 = -3*h. List the prime factors of l.
11, 23
Let d(c) = 5*c**3 - 6*c**2 + 5*c - 7. Let x be 0 + 4/(4/3). What are the prime factors of d(x)?
89
Let c(s) = -9*s - 42. Suppose -42 = 3*p + 3*h, -p - h = 3*p + 47. What are the prime factors of c(p)?
3, 19
Let q(m) = -38*m**2 + 4*m + 5. Let w(l) = -l**2 + 1. Let p(f) = -q(f) + 2*w(f). What are the prime factors of p(-1)?
37
Let l(f) = 118*f**2 + 1. Let c be l(-1). Let b = -57 + c. List the prime factors of b.
2, 31
Let d = -45 - -25. Let l be (-16)/(-2) - (d + 23). Suppose p - 288 = -3*p + l*r, -p - 4*r + 93 = 0. List the prime factors of p.
7, 11
Let r(x) = -2*x**2 + 16*x - 17. Let n be r(7). List the prime factors of (1*n/(-2))/((-25)/(-1250)).
3, 5
Let z(j) = -7*j**3 + 3*j + 3. Let w be z(-1). Suppose 0 = -6*u + w*u - 57. What are the prime factors of u?
3, 19
Suppose 0 = -3*y + 9, -x + 3*y + 3 = 3*x. List the prime factors of 350/x + (-8)/12.
2, 29
Let h(v) = -v + 11. Let g be h(9). Suppose g*r = 8 - 0. Suppose 3*x - 98 = -r*f, 4*x - 128 = -3*f - f. List the prime factors of x.
2, 3, 5
Let d = -2467 + 3782. List the prime factors of d.
5, 263
Let o(x) be the third derivative of x**5/60 + 5*x**4/12 - 7*x**3/6 - 2*x**2. Let h be -7*-2*12/(-14). What are the prime factors of o(h)?
17
Suppose 7*l - 6*l = -2*d + 203, 406 = 2*l - 5*d. What are the prime factors of l?
7, 29
Let h = 6890 - 1929. What are the prime factors of h?
11, 41
Let v = -2375 + 7389. What are the prime factors of v?
2, 23, 109
What are the prime factors of -16*((-74)/(-12))/((-2)/6)?
2, 37
Let r(b) = b**3 + 22*b**2 - 34*b + 6. What are the prime factors of r(-23)?
7, 37
Suppose 0 = 5*c - 5*h - 0*h - 2285, -1366 = -3*c + 4*h. What are the prime factors of c?
2, 3, 7, 11
Let q be 8/((-2)/(3 - 2)). Let u(z) = 9*z**2 + 9*z + 19. What are the prime factors of u(q)?
127
Let y(p) = 29*p**3 + 3*p**2 - 13. List the prime factors of y(4).
31, 61
Suppose 15 = 5*l - 5. Suppose -4*z + l*d = d + 7, 21 = 3*z + 3*d. Suppose 2*y - 123 = -3*c, -3*c = y - z*y - 114. List the prime factors of c.
3, 13
Suppose 2*g + z - 37 = -4*z, 0 = -2*g - 3*z + 27. Let l(m) = 2*m + 20 - 4*m + m. List the prime factors of l(g).
2, 7
Let h be (6/(-15))/((-1)/5). Let i be (-170)/(-45) + h/9. List the prime factors of -9*(i/4 - 3).
2, 3
List the prime factors of (1426/115)/((-4)/(-10)).
31
Suppose 0 = 2*s + 105 + 143. Let k = -35 - s. List the prime factors of k.
89
Let f(l) be the third derivative of -l**6/120 + 3*l**5/20 + l**4/12 - 13*l**3/6 + 19*l**2. List the prime factors of f(7).
3, 11
Suppose -65 = -u - 2*p, 0 = u + 3*u - 4*p - 320. Let m = -17 + u. Suppose -2*h - f = -m, -h + 0*f + f = -29. List the prime factors of h.
29
Let z = -61 + 63. Suppose -3*f - 3*o - 2*o + 414 = 0, 3*f + z*o - 405 = 0. What are the prime factors of f?
7, 19
Suppose -w + 568 = 59. Suppose 6*f - w + 101 = 0. What are the prime factors of f?
2, 17
Suppose -68 = 22*l - 18*l. Let n = 63 + l. List the prime factors of n.
2, 23
Suppose -4*c + 18 = 2*o, o - 3 = 3*c - 2*c. Suppose 57 + 69 = c*z. List the prime factors of z.
3, 7
Suppose 15*t - 7*t = 12480. What are the prime factors of t?
2, 3, 5, 13
What are the prime factors of ((-1464)/20)/((-6)/15)?
3, 61
Suppose 5*u = 2*f + 4, 2*f - 4 = -u + 4. Suppose -3*d = -3*l + 906, -f*d + 5*d = l - 305. What are the prime factors of l?
13, 23
Suppose 22*c = 245 + 2109. What are the prime factors of c?
107
Let i(g) = g**3 + 10*g**2 - 13*g + 12. Let c be i(-11). Suppose -b + 3 = 6, -k + 5*b + c = 0. What are the prime factors of k?
19
Let f be (-155)/(-2)*28/(-35). Let p be f/(5 - (6 + -3)). Let w = -16 - p. List the prime factors of w.
3, 5
What are the prime factors of (2 + -1067)/((54/15)/(-18))?
3, 5, 71
Let x be (24/(-14))/((-7)/((-7791)/(-6))). Suppose x = 3*d - 276. List the prime factors of d.
2, 3, 11
List the prime factors of (4 + -9)/((-11)/2937).
3, 5, 89
Let q = -16 + 14. Let y be (5 - 2) + 6/q. Let x = y - -30. What are the prime factors of x?
2, 3, 5
Let y be 673/2 - (-2)/4. Suppose 2*q - 156 = -z + 3*z, y = 4*q + z. What are the prime factors of q?
83
Let k be -1 - ((-4)/(-16) + 33/(-4)). Let q = k + 89. List the prime factors of q.
2, 3
Let r be (-13)/(-26)*(0 - -344). Suppose -4*j = -0*j - r. What are the prime factors of j?
43
Let t be (-4)/7*(154/4)/(-11). Suppose -4*z - y + 358 = -209, t*y = -4*z + 562. What are the prime factors of z?
11, 13
Let f = 53 + -30. Let y = 96 - f. List the prime factors of y.
73
Let m be 0 - ((-93 - -2) + -1). Suppose -164*v = -160*v + 216. Let u = m + v. List the prime factors of u.
2, 19
Let w(y) = -2*y + 5. Let g(h) be the third derivative of h**4/24 - h**3/3 - 3*h**2. Let i(s) = 11*g(s) + 6*w(s). List the prime factors of i(-6).
2, 7
Suppose 19*l - 18*l = 54. What are the prime factors of l?
2, 3
Suppose -10 = -2*g, -j - j - 5*g + 467 = 0. What are the prime factors of j?
13, 17
Let k = 9 - 7. Let y = 26 - 21. Suppose k*p + y*t = 51, 2*p + p - 71 = -2*t. List the prime factors of p.
23
Let d = -872 - -3130. List the prime factors of d.
2, 1129
Let d = 17 + 17. Let v = d - -16. What are the prime factors of v?
2, 5
Let q(p) = -76*p**3 - 2*p**2 - 2*p - 1. Let w be 2 + (1 - (-8)/(-2)). Let t be q(w). Suppose 3*o = -2*o + t. List the prime factors of o.
3, 5
Let h(t) = -5*t - 5. Let p be (12/(-14))/(3/21). Let r be p/(-4) - (-147)/(-14). List the prime factors of h(r).
2, 5
Suppose 12*p + 12270 = 15*p - b, -12282 = -3*p + 5*b. What are the prime factors of p?
3, 29, 47
Suppose -y = -14 - 121. Let d = -78 + y. What are the prime factors of d?
3, 19
Let v be (-2 - (3 + -2)) + 3. Let g be v - (0 + 1 - 4). What are the prime factors of (-127)/(-2) - g/6?
3, 7
Suppose -5*l - 16 = -l. Let g = l - -3. List the prime factors of (-7)/(7/33)*g.
3, 11
Suppose 0 = 3*k - 5*o - 101 + 1, -k + 2*o + 35 = 0. Suppose k = 2*h - 199. What are the prime factors of h?
2, 7
Suppose -4*o + 2*o = -5*r + 48, r + o = 4. Suppose 0 = 13*t - r*t - 35. What are the prime factors of t?
7
Let t(b) be the second derivative of 13*b**3/6 + b**2/2 - 3*b. Let r be t(-1). List the prime factors of (-2 - r/9)*-6.
2
Suppose -2*n = -4*o - n 